 greatest common divisor of 1577 and 19?
19
Calculate the greatest common divisor of 30651 and 51.
51
Calculate the highest common divisor of 5 and 32300.
5
What is the greatest common divisor of 15840 and 1947?
33
What is the greatest common factor of 912 and 3420?
228
What is the greatest common divisor of 6 and 422?
2
Calculate the highest common factor of 18 and 2253078.
18
What is the greatest common divisor of 3515 and 15390?
95
Calculate the greatest common factor of 33 and 3003693.
33
What is the highest common factor of 28 and 569198?
14
Calculate the highest common factor of 2249 and 10790.
13
What is the greatest common factor of 4324 and 6251?
47
Calculate the greatest common divisor of 19035 and 18.
9
What is the highest common divisor of 673836 and 2169?
723
Calculate the greatest common divisor of 4658 and 34.
34
What is the highest common divisor of 128296 and 728?
56
What is the greatest common factor of 882 and 36?
18
Calculate the greatest common divisor of 784 and 973091.
49
What is the greatest common divisor of 4212 and 900?
36
Calculate the highest common factor of 5440 and 4590.
170
What is the greatest common divisor of 437112 and 36?
36
Calculate the highest common factor of 21565 and 190.
95
Calculate the highest common factor of 5875 and 705.
235
What is the highest common factor of 14 and 711172?
14
Calculate the greatest common factor of 244289 and 764.
191
Calculate the highest common factor of 532 and 5504.
4
What is the greatest common divisor of 81120 and 100?
20
Calculate the greatest common divisor of 1322 and 1011991.
661
Calculate the highest common divisor of 39987 and 135.
27
What is the greatest common factor of 15929 and 85?
17
What is the highest common factor of 56000 and 14875?
875
Calculate the greatest common factor of 36974 and 119.
7
Calculate the highest common divisor of 27144 and 7332.
156
What is the highest common factor of 352632 and 1848?
168
What is the greatest common divisor of 432 and 184?
8
Calculate the highest common divisor of 22095 and 23077.
491
Calculate the greatest common factor of 6 and 298.
2
Calculate the highest common divisor of 17762 and 83.
83
Calculate the greatest common divisor of 79 and 425573.
79
What is the greatest common factor of 25713 and 45?
9
What is the greatest common factor of 12 and 2659104?
12
Calculate the greatest common factor of 180 and 30220.
20
What is the greatest common factor of 182 and 180817?
91
Calculate the greatest common divisor of 24 and 1489344.
24
Calculate the highest common divisor of 4716 and 11916.
36
What is the greatest common factor of 18062 and 9174?
22
Calculate the greatest common divisor of 5577 and 14586.
429
Calculate the highest common factor of 85630 and 90.
10
What is the greatest common divisor of 35757 and 15755?
137
What is the highest common factor of 1279223 and 22?
11
What is the greatest common divisor of 28913 and 2146?
29
What is the greatest common divisor of 815826 and 352?
22
Calculate the greatest common divisor of 30 and 6855.
15
What is the greatest common divisor of 3009 and 408?
51
What is the highest common factor of 164829 and 334?
167
Calculate the greatest common divisor of 1745 and 5584.
349
What is the highest common divisor of 42726 and 30?
6
Calculate the highest common factor of 20950 and 50.
50
Calculate the greatest common divisor of 70 and 162.
2
What is the highest common factor of 12 and 48948?
12
What is the highest common factor of 352 and 96?
32
What is the highest common factor of 645 and 4263708?
129
Calculate the greatest common factor of 2540 and 9235.
5
Calculate the highest common divisor of 1264 and 948.
316
Calculate the greatest common divisor of 79341 and 371.
53
Calculate the highest common factor of 48 and 3587988.
12
Calculate the greatest common divisor of 1328 and 10460656.
1328
Calculate the highest common divisor of 170 and 6766.
34
Calculate the highest common divisor of 29290 and 1790.
10
What is the highest common divisor of 6 and 130902?
6
Calculate the highest common divisor of 72740 and 20.
20
What is the greatest common factor of 232 and 42137?
29
Calculate the highest common divisor of 609 and 10521.
21
Calculate the greatest common divisor of 1312 and 7421.
41
What is the highest common divisor of 14400 and 2620?
20
Calculate the greatest common divisor of 45 and 8778195.
45
What is the greatest common factor of 126528 and 128505?
1977
Calculate the greatest common divisor of 440 and 46520.
40
What is the greatest common factor of 53 and 383561?
53
Calculate the highest common factor of 12388 and 380.
76
What is the greatest common divisor of 165645 and 90?
45
Calculate the highest common divisor of 19791 and 54.
27
Calculate the highest common factor of 6500 and 229580.
260
Calculate the highest common divisor of 52662 and 7102.
134
What is the highest common factor of 34 and 9197?
17
What is the greatest common factor of 1332697 and 335?
67
Calculate the highest common factor of 24004 and 1207.
17
Calculate the greatest common factor of 40 and 1494140.
20
Calculate the greatest common divisor of 202918 and 17182.
142
Calculate the greatest common factor of 51 and 2819076.
51
Calculate the greatest common divisor of 3144 and 29737.
131
What is the highest common factor of 27 and 617202?
9
What is the highest common factor of 320 and 1620?
20
Calculate the greatest common factor of 2793 and 41154.
57
Calculate the greatest common divisor of 119916 and 36.
36
Calculate the highest common divisor of 152 and 8436.
76
What is the greatest common factor of 890 and 75294?
178
What is the greatest common divisor of 1225 and 828835?
245
Calculate the highest common divisor of 77 and 56196.
7
Calculate the greatest common divisor of 4775 and 16426.
191
What is the greatest common divisor of 4716 and 1548?
36
Calculate the highest common factor of 4214 and 29111.
43
What is the highest common factor of 24 and 8055728?
8
Calculate the highest common divisor of 358017 and 1881.
627
What is the highest common factor of 33 and 28647?
3
What is the greatest common divisor of 1672 and 15576?
88
Calculate the highest common divisor of 232 and 59160.
232
What is the greatest common factor of 97 and 1535995?
97
What is the highest common divisor of 5751 and 432?
27
What is the highest common factor of 310 and 50282?
62
What is the highest common factor of 5044 and 7372?
388
Calculate the greatest common divisor of 25 and 17675.
25
What is the highest common divisor of 81036 and 102?
6
What is the highest common factor of 2994 and 210?
6
What is the highest common divisor of 705 and 960?
15
What is the greatest common factor of 386 and 454?
2
Calculate the greatest common divisor of 15176 and 1204.
28
Calculate the greatest common divisor of 378 and 1432935.
63
Calculate the greatest common divisor of 37908 and 130.
26
What is the greatest common divisor of 160 and 39880?
40
What is the highest common factor of 58641 and 88?
11
Calculate the greatest common factor of 291 and 7350369.
291
What is the highest common divisor of 7196 and 7?
7
What is the highest common factor of 100 and 21570?
10
What is the greatest common divisor of 157586 and 10208?
638
What is the highest common factor of 195 and 457350?
15
Calculate the greatest common factor of 207 and 219650.
23
Calculate the highest common divisor of 94 and 122341.
47
What is the highest common divisor of 166 and 2573?
83
Calculate the greatest common factor of 23 and 111803.
23
What is the greatest common divisor of 16555926 and 986?
986
Calculate the greatest common factor of 3817 and 14921.
347
Calculate the greatest common divisor of 4945 and 650762.
989
Calculate the highest common factor of 1410 and 466005.
705
Calculate the highest common divisor of 52 and 79612.
52
Calculate the highest common divisor of 1700 and 11830.
10
Calculate the highest common divisor of 3669025 and 445.
445
Calculate the greatest common factor of 38 and 12422314.
38
Calculate the highest common divisor of 904221 and 9.
9
What is the greatest common factor of 7375 and 2419?
59
What is the greatest common factor of 6286 and 938?
14
What is the greatest common factor of 75 and 190450?
25
Calculate the greatest common factor of 11620 and 133